g) = -g**2 + 11*g + 233. Calculate i(-11).
-9
Let n(u) = -u**3 - 30*u**2 - 25*u + 40. What is n(-29)?
-76
Let n(x) = -x**2 + 12*x - 3. Determine n(6).
33
Let h(u) = -2*u**3 + 3*u. What is h(2)?
-10
Let i(u) = u**3 - 16*u**2 + 13*u + 8. Calculate i(15).
-22
Let m(z) = 3*z + 3. Calculate m(3).
12
Let x(t) = -t**3 + 5*t**2 - t + 15. Determine x(5).
10
Let g(x) = x**2 + 10*x + 16. Give g(-9).
7
Let y(p) = p**3 + p**2 + p - 66. Calculate y(0).
-66
Let q(k) = -k**2 + 27*k - 131. What is q(21)?
-5
Let a(w) = -w**3 - 4*w**2 + 6*w + 6. Determine a(-4).
-18
Let j(a) = a**3 + 8*a**2 + 14*a - 1. Give j(-6).
-13
Let k(j) = j**3 + 14*j**2 + 10*j - 19. What is k(-13)?
20
Let t(m) = 8*m**3 - m**2 + 3*m. Determine t(2).
66
Let r(z) = -z**3 - 2*z**2 - 2*z - 18. Give r(0).
-18
Let f(v) = -16*v + 106. Give f(12).
-86
Let n(x) = -3*x**3 + x**2 - 4*x + 10. Determine n(2).
-18
Let h(c) = -49*c**2 - c. Determine h(1).
-50
Let w(r) = -r**3 - 11*r**2 - r + 20. Calculate w(-9).
-133
Let j(w) = -3*w**2 - 50*w - 34. What is j(-16)?
-2
Let t(x) = -6*x**2 - x - 2. Give t(-1).
-7
Let i(u) = 47*u + 160. Give i(-5).
-75
Let j(c) = -c**2 - 6*c - 11. Give j(0).
-11
Let w(t) = -19*t - 11. Determine w(-7).
122
Let c(f) = f**3 + 6*f**2 + 9*f - 1. What is c(-6)?
-55
Let r(x) = -10*x**2 - 2*x + 1. Calculate r(2).
-43
Let l(u) = -4*u**2 - 9*u - 2. Give l(5).
-147
Let l(y) = 11*y - 2. What is l(1)?
9
Let d(b) = b**3 + 17*b**2 + 43*b - 13. Calculate d(-14).
-27
Let k(b) = -b**2 + b - 1. Give k(3).
-7
Let u(n) = -n**3 + 7*n**2 - 9*n + 8. What is u(6)?
-10
Let t(y) = -5*y - 91. Give t(-14).
-21
Let c(z) = 11*z - 2. What is c(2)?
20
Let n(f) = f**2 + 8*f - 27. What is n(-11)?
6
Let f(n) = -2*n + 51. Determine f(0).
51
Let y(q) = q**3 - 6*q**2 + 4*q + 5. Determine y(5).
0
Let g(a) = 45*a + 1389. What is g(-31)?
-6
Let u(i) = -i**2 + 3*i - 14. Calculate u(6).
-32
Let t(g) = -2*g - 46. Give t(-16).
-14
Let o(c) = -30*c + 2. Calculate o(-2).
62
Let x(u) = 56*u - 229. What is x(4)?
-5
Let o(g) = 4*g - 5. Calculate o(-8).
-37
Let x(i) = i**3 - 10*i**2 - 12*i + 7. Determine x(11).
-4
Let a(x) = -x**3 + 9*x**2 + 9*x - 7. Calculate a(10).
-17
Let d(p) = p**2 - p. Determine d(-1).
2
Let q(f) = 2*f - 1. Determine q(-5).
-11
Let a(u) = 17*u**2 + 1. What is a(-1)?
18
Let c(v) = -v + 1. What is c(-4)?
5
Let m(k) = k**2 + 9*k - 8. Give m(0).
-8
Let d(k) = 3*k**2 - k - 1. What is d(-1)?
3
Let h(s) = s**2 - 14*s - 4. Give h(11).
-37
Let n(t) = t**2 - 15*t + 25. Calculate n(16).
41
Let x(i) = i**2 + 9*i - 44. Determine x(-12).
-8
Let t(u) = -u**3 - 7*u**2 - u. Calculate t(-7).
7
Let f(z) = z**2 + 4*z + 18. Give f(0).
18
Let u(c) = -c**3 + 6*c**2 + 11*c - 1. Determine u(8).
-41
Let y(w) = -38*w - 53. Determine y(-2).
23
Let w(a) = 7*a + 316. Determine w(-46).
-6
Let m(d) = 2*d**2 + 37*d + 36. What is m(-17)?
-15
Let a(s) = -2*s**2 - 28*s + 24. Give a(-15).
-6
Let x(a) = -2*a + 29. What is x(14)?
1
Let m(o) = -o**3 + 4*o**2 + 11*o - 7. Give m(5).
23
Let p(j) = j**3 + 13*j**2 + 27*j + 55. Determine p(-11).
0
Let c(i) = -i + 30. Determine c(17).
13
Let z(v) = v**3 + 8*v**2 + v + 7. Determine z(-8).
-1
Let m(w) = -w**2 + 9*w + 12. What is m(12)?
-24
Let x(l) = l**3 + 17*l**2 - 2*l - 13. What is x(-17)?
21
Let m(o) = 4*o**2 - 51*o + 7. What is m(13)?
20
Let z(m) = m**3 - 7*m**2 - 33*m + 10. What is z(10)?
-20
Let o(w) = -w**3 - 21*w**2 - 12*w + 28. Give o(-20).
-132
Let h(s) = s**3 + 32*s**2 + 115*s + 83. Give h(-28).
-1
Let g(c) = -c - 32. What is g(0)?
-32
Let v(p) = -3*p - 10. Determine v(-8).
14
Let d(z) = -z**2 + z + 22. Calculate d(-5).
-8
Let x(l) = l**3 - 11*l**2 + 2*l + 2. What is x(11)?
24
Let c(q) = -q**3 - 22*q**2 + 24*q - 3. Give c(-23).
-26
Let x(w) = -w**3 + 16*w**2 + 4*w - 5. Calculate x(16).
59
Let v(j) = 10*j + 81. Determine v(-9).
-9
Let h(a) = a**3 + 24*a**2 + 42*a - 42. What is h(-22)?
2
Let c(r) = r**2 + 33*r + 197. What is c(-25)?
-3
Let h(r) = -r**2 - 17*r - 29. Determine h(-14).
13
Let k(s) = 41*s + 20. What is k(-3)?
-103
Let c(r) = -6*r + 45. Calculate c(9).
-9
Let s(j) = 3*j**2 + 128*j - 56. Calculate s(-43).
-13
Let x(b) = -3*b**3 - 3*b**2 - 2*b. What is x(-2)?
16
Let z(y) = -2*y. Calculate z(0).
0
Let p(v) = 2*v. Determine p(-5).
-10
Let f(b) = -b**2 - 16*b + 22. What is f(-16)?
22
Let y(l) = -4*l**2 - 4*l + 9. Calculate y(-5).
-71
Let j(d) = d**2 - 7*d + 27. Give j(-7).
125
Let v(k) = -3*k**2 - 4*k. Determine v(-3).
-15
Let o(n) = 2*n**3 - 2*n**2 - n. Calculate o(-2).
-22
Let w(r) = r**3 + 5*r**2 + r + 9. Calculate w(-4).
21
Let f(i) = 7*i**2 - 9*i - 10. Calculate f(-3).
80
Let p(r) = -8*r + 87. Determine p(10).
7
Let b(k) = -5*k**2 - 5*k + 40. Determine b(4).
-60
Let i(l) = -82*l**2 - 3*l + 3. What is i(1)?
-82
Let k(i) = i**3 + 5*i**2 - 8*i + 2. What is k(-4)?
50
Let f(k) = 4*k - 86. Determine f(28).
26
Let w(z) = -9*z + 12. What is w(4)?
-24
Let u(k) = k**3 - 4*k**2 - 4*k - 1. Give u(5).
4
Let p(j) = 3*j + 56. Calculate p(-18).
2
Let n(x) = -14*x + 3. Calculate n(1).
-11
Let h(x) = -13*x - 44. Determine h(-3).
-5
Let f(g) = 2*g**2 - 28*g - 117. Calculate f(18).
27
Let c(g) = g**3 - 6*g**2 + 3*g - 9. Calculate c(5).
-19
Let f(z) = z**2 + 11*z + 6. What is f(-4)?
-22
Let o(m) = -m**2 - 12*m + 60. Determine o(-15).
15
Let c(z) = -2*z - 13. What is c(-10)?
7
Let l(i) = i**2 + 7*i - 4. Determine l(-8).
4
Let u(y) = y**2 + 11*y - 15. What is u(-12)?
-3
Let y(a) = a**3 - a**2 + a + 5. Determine y(0).
5
Let a(b) = b**3 + 27*b**2 + 34*b + 165. What is a(-26)?
-43
Let q(j) = 4*j**2 - 63*j - 2. Give q(16).
14
Let q(f) = f**3 + 5*f**2 - 2*f - 27. Calculate q(-3).
-3
Let z(h) = 8*h + 8. Calculate z(-7).
-48
Let i(z) = 65*z + 4. Determine i(0).
4
Let g(r) = 10*r - 2. What is g(-1)?
-12
Let z(x) = x**2 - 41*x - 290. Give z(-6).
-8
Let p(c) = -34*c**2 - 4*c + 2. What is p(1)?
-36
Let u(h) = 77*h + 237. Give u(-3).
6
Let m(a) = -2*a**3 + a**2 + a - 22. Determine m(0).
-22
Let h(g) = -g**2 + g + 27. Calculate h(0).
27
Let p(h) = -h**2 + 13*h + 19. Determine p(14).
5
Let p(w) = -w**3 + 8*w**2 + 2*w + 7. Calculate p(7).
70
Let b(h) = -h + 9. Determine b(14).
-5
Let y(a) = 12*a - 63. Calculate y(10).
57
Let m(u) = -3*u - 113. What is m(-37)?
-2
Let v(x) = x**2 + 13*x - 38. Calculate v(-10).
-68
Let k(x) = x**2 - 9*x + 2. What is k(9)?
2
Let n(o) = -o**3 - 4*o**2 - 4*o - 21. Determine n(-5).
24
Let z(y) = -7*y + 99. Determine z(11).
22
Let h(s) = 8*s**2 + 5*s + 5. Give h(-2).
27
Let o(l) = l**2 - 8*l + 10. What is o(5)?
-5
Let c(m) = -m**2 + 10*m + 1. Give c(11).
-10
Let h(p) = p**3 + 4*p**2 - 2*p + 16. Calculate h(-5).
1
Let q(h) = -h**2 - 12*h + 2. What is q(-12)?
2
Let w(a) = -a**2 + 13*a + 15. Determine w(11).
37
Let p(x) = -10*x - 67. Determine p(-7).
3
Let c(s) = -87*s - 345. Give c(-4).
3
Let n(u) = 26*u + 48. Give n(-2).
-4
Let d(v) = -v**3 + v**2 + v + 35. Determine d(0).
35
Let d(r) = -8*r + 15. Determine d(5).
-25
Let i(t) = 18*t - 220. Determine i(13).
14
Let c(p) = 8*p + 12. What is c(-6)?
-36
Let w(q) = 6*q + 11. Calculate w(-7).
-31
Let y(q) = -q**2 - 4*q + 18. What is y(-6)?
6
Let m(x) = x**3 + 3*x**2 + 3*x + 5. What is m(-3)?
-4
Let m(j) = 26*j**2 - 2*j - 1. Calculate m(-1).
27
Let j(d) = -3*d - 24. Determine j(-3).
-15
Let g(p) = p**3 - 16*p**2 - 61*p + 83. Give g(19).
7
Let l(o) = -4*o + 20. Calculate l(4).
4
Let q(t) = -t + 21. What is q(10)?
11
Let m(i) = -4*i + 5. What is m(-3)?
17
Let c(q) = -6*q**2 - 4*q - 2. What is c(-3)?
-44
Let w(v) = v**2 + 20*v - 33. What is w(-22)?
11
Let d(o) = 3*o**2 - 57*o + 71. Give d(18).
17
Let u(r) = r**3 + 8*r**2 + 2*r + 10. Give u(-6).
70
Let c(l) = l**3 - 9*l**2 + 8*l + 8. Determine c(9).
80
Let b(n) = n**2 + 10*n - 11. Give b(-10).
-11
Let g(p) = -6*p**2 - 8*p + 7. What is g(1)?
-7
Let w(q) = -q**3 + 3*q**2 + 3*q - 7. Give w(5).
-42
Let i(m) = -7*m + 16. Determine i(5).
-19
Let y(x) = -x**3 + 8*x**2 - 7*x - 1. What is y(5)?
39
Let d(q) = q - 2. Give d(7).
5
Let s(m) = -3*m**2 - 2*m. What is s(2)?
-16
Let g(m) = 60*m**2 + 51*m - 2. What is g(-1)?
7
Let k(v) = 11*v - 14. What is k(5)?
41
Let m(y) = 7*y + 1. What is m(2)?
15
Let q(g) = 10*g + 28. Give q(-4).
-12
Let n(o) = -o**2 - 16*o + 35. Calculate n(-17).
18
Let s(m) = -m**2 - 12*m - 16. What is s(-9)?
11
Let w(h) = h**3 + 12*h**2 - 26*h - 29. What is w(-14)?
-57
Let x(p) = 15*p**2 + 2*p